eatest common factor of 5225928 and 40?
8
Calculate the highest common factor of 67190571 and 84.
21
Calculate the highest common divisor of 308 and 19423019.
77
What is the highest common factor of 4560 and 1772529?
57
Calculate the greatest common divisor of 578028666 and 186.
186
Calculate the highest common divisor of 142 and 16289246.
142
What is the greatest common factor of 296984805 and 155?
155
What is the greatest common factor of 24 and 9808872?
24
Calculate the highest common factor of 126 and 560280042.
126
Calculate the highest common divisor of 4842674 and 29930.
5986
Calculate the greatest common factor of 1208374 and 1188318.
5014
What is the highest common factor of 5 and 275296330?
5
What is the greatest common divisor of 2146445 and 2765?
35
What is the greatest common factor of 812 and 81119612?
812
Calculate the highest common divisor of 3511605 and 44556.
141
What is the highest common divisor of 31024566 and 270?
54
What is the greatest common divisor of 121896 and 2392?
8
What is the greatest common factor of 175515 and 795?
15
What is the greatest common divisor of 1480 and 4540537880?
1480
Calculate the greatest common factor of 128 and 108496544.
32
Calculate the greatest common factor of 22116930 and 660.
330
Calculate the greatest common factor of 158312 and 99869.
77
What is the highest common divisor of 26385 and 93795157?
1759
Calculate the highest common factor of 96484908 and 3588.
3588
What is the greatest common divisor of 88 and 33451264?
88
What is the highest common factor of 25894852 and 3942?
146
Calculate the greatest common factor of 17735056 and 18504.
2056
What is the highest common factor of 25629698 and 3073?
439
What is the greatest common factor of 695532 and 3527724?
1788
What is the highest common divisor of 84 and 4506474?
42
Calculate the greatest common divisor of 580 and 334958410.
290
Calculate the greatest common factor of 919465 and 86855.
2995
What is the highest common factor of 406 and 1136626?
58
Calculate the greatest common factor of 6034855 and 51395.
2705
Calculate the greatest common factor of 31278 and 35880.
78
Calculate the highest common factor of 16 and 191507.
1
What is the highest common factor of 25160 and 37774595?
3145
What is the highest common factor of 3723 and 1219611?
219
What is the greatest common divisor of 18220 and 494698508?
3644
What is the highest common divisor of 18283 and 18001?
47
What is the greatest common factor of 72258688 and 256?
128
What is the greatest common divisor of 7670 and 1017809?
767
What is the greatest common divisor of 3033 and 241902981?
3033
What is the highest common factor of 2977 and 29694659?
229
What is the highest common factor of 447081027 and 5532?
1383
What is the highest common divisor of 624 and 1753296?
48
What is the greatest common factor of 713 and 565998?
31
Calculate the highest common divisor of 59400 and 47817.
297
What is the greatest common factor of 1070 and 26472656?
214
Calculate the greatest common divisor of 1748381 and 1972.
29
What is the highest common divisor of 18995364 and 228?
228
What is the greatest common factor of 42255 and 2977569?
2817
Calculate the greatest common divisor of 2121423 and 4185.
93
Calculate the greatest common factor of 523594333 and 667.
667
What is the greatest common divisor of 4010950 and 650?
50
What is the greatest common factor of 3978 and 10946674?
34
What is the highest common factor of 99828125 and 250?
125
Calculate the greatest common factor of 1699420 and 397730.
310
What is the highest common divisor of 3289 and 279587425?
299
What is the greatest common divisor of 5086990 and 270?
10
Calculate the highest common divisor of 125600902 and 1302.
434
Calculate the highest common divisor of 19786 and 1579318.
26
What is the greatest common factor of 224 and 10736992?
224
What is the greatest common divisor of 344056928 and 916?
916
What is the greatest common divisor of 85649 and 3024872?
2089
What is the greatest common factor of 136613 and 1663824?
2039
What is the highest common divisor of 961996 and 3332?
476
What is the greatest common divisor of 2968 and 9287296?
424
Calculate the highest common divisor of 3286216 and 1876.
268
What is the highest common factor of 803593 and 112?
7
What is the greatest common factor of 283173 and 1221?
33
Calculate the greatest common factor of 795 and 34963146.
159
Calculate the highest common factor of 167663 and 4.
1
Calculate the highest common factor of 30655280 and 32665.
235
Calculate the highest common divisor of 112230 and 1823694.
174
What is the greatest common factor of 51477737 and 12929?
1847
What is the greatest common divisor of 319520117 and 322?
161
What is the greatest common factor of 105 and 1201770?
15
Calculate the greatest common factor of 101543 and 31991739.
949
Calculate the greatest common factor of 33 and 5978019168.
33
Calculate the greatest common divisor of 74480 and 173660.
380
Calculate the greatest common factor of 238208 and 84.
4
Calculate the highest common divisor of 2073 and 13658997.
2073
Calculate the greatest common divisor of 2142 and 410448.
102
Calculate the greatest common divisor of 108 and 1602300.
12
What is the greatest common divisor of 886560 and 408?
24
Calculate the greatest common factor of 1412 and 469036042.
706
What is the highest common divisor of 136990755 and 10425?
2085
What is the highest common factor of 2900 and 22705260?
580
Calculate the greatest common divisor of 183533 and 1256.
157
Calculate the greatest common factor of 3266669 and 14399.
119
What is the highest common divisor of 112 and 73240480?
16
Calculate the greatest common factor of 3 and 89200407.
3
What is the greatest common divisor of 1529 and 44472633?
139
What is the greatest common factor of 959 and 6676421?
137
What is the greatest common factor of 2216 and 172248?
8
Calculate the greatest common factor of 12 and 6856857.
3
Calculate the highest common factor of 112 and 3613504.
16
Calculate the highest common divisor of 113506 and 3127389.
2987
Calculate the highest common factor of 6244260 and 60.
60
What is the highest common divisor of 556 and 4810859500?
556
What is the highest common divisor of 20297088 and 324?
108
What is the greatest common factor of 48 and 50451792?
48
Calculate the highest common divisor of 4565 and 91782645.
415
What is the highest common divisor of 85293 and 17901?
1053
Calculate the highest common factor of 34 and 2321826.
34
Calculate the greatest common divisor of 20 and 709332740.
20
What is the highest common factor of 60 and 586115130?
30
What is the highest common factor of 4509 and 135089139?
501
Calculate the highest common divisor of 6608 and 5391184.
944
What is the greatest common factor of 11150 and 8615605?
1115
Calculate the greatest common divisor of 87656 and 325384.
8
Calculate the greatest common divisor of 1216101920 and 352.
352
What is the greatest common factor of 12111 and 3300?
33
Calculate the highest common factor of 171 and 32270949.
171
Calculate the highest common factor of 167622668 and 16.
4
Calculate the greatest common divisor of 42059 and 1369527.
307
Calculate the highest common factor of 748 and 227070008.
44
What is the highest common divisor of 157529341 and 9524?
2381
Calculate the highest common factor of 16480986 and 477.
159
What is the highest common factor of 1991087 and 1449?
161
Calculate the greatest common divisor of 332149 and 2899571.
8977
What is the greatest common divisor of 1511112 and 1740?
12
Calculate the greatest common divisor of 1724 and 4236299.
431
What is the greatest common factor of 414 and 99089037?
207
What is the highest common divisor of 57372335 and 5?
5
Calculate the highest common factor of 4 and 1444014716.
4
Calculate the greatest common factor of 3740 and 9974920.
340
Calculate the highest common factor of 8374198 and 658.
14
Calculate the highest common divisor of 12 and 463002.
6
Calculate the greatest common factor of 1498256 and 290.
58
What is the highest common factor of 12663 and 31563?
189
What is the greatest common factor of 339785 and 5?
5
Calculate the greatest common divisor of 367 and 78760769.
367
Calculate the greatest common factor of 750 and 36376125.
375
Calculate